{"id":195,"date":"2019-02-27T14:51:53","date_gmt":"2019-02-27T14:51:53","guid":{"rendered":"http:\/\/pilsumer-warfthaus.de\/?page_id=195"},"modified":"2019-02-27T14:51:53","modified_gmt":"2019-02-27T14:51:53","slug":"kurz-und-knapp","status":"publish","type":"page","link":"https:\/\/pilsumer-warfthaus.de\/?page_id=195","title":{"rendered":"Kurz und Knapp"},"content":{"rendered":"<table class=\" alignleft\" style=\"height: 2334px; width: 807px;\" width=\"449\">\n<tbody>\n<tr>\n<td style=\"width: 395.5px;\"><strong><span style=\"font-family: helvetica, arial, sans-serif;\">Anreise \/ Abreise<\/span><\/strong><br \/>\n<span style=\"font-family: helvetica, arial, sans-serif;\">Je nach Belegung sollte die Anreise gegen 15 Uhr erfolgen. Individuelle Absprachen bez\u00fcglich der Anreisezeit und der Schl\u00fcssel\u00fcbergabe verabreden wir gerne vorab telefonisch mit Ihnen.<\/span><br \/>\n<span style=\"font-family: helvetica, arial, sans-serif;\">Am Abreisetag sollte die Wohnung bis 10 Uhr besenrein verlassen werden. Absprachen bez\u00fcglich der Abreise k\u00f6nnen bei Ihrer Ankunft besprochen werden.<\/span><\/p>\n<p><strong><span style=\"font-family: helvetica, arial, sans-serif;\">Bettw\u00e4sche<\/span><\/strong><br \/>\n<span style=\"font-family: helvetica, arial, sans-serif;\">Bettw\u00e4sche und einen Satz Handt\u00fccher stellen wir Ihnen kostenlos.<\/span><\/p>\n<p><strong><span style=\"font-family: helvetica, arial, sans-serif;\">Einkaufen<\/span><\/strong><br \/>\n<span style=\"font-family: helvetica, arial, sans-serif;\">Gut sortierte Superm\u00e4rkte gibt es in Greetsiel ( Edeka Rah ) und Pewsum ( Aldi, Lidl, Combi, Edeka ). Frische Br\u00f6tchen k\u00f6nnen Sie bei diversen B\u00e4ckereien in Greetsiel bekommen.<\/span><\/p>\n<p><strong><span style=\"font-family: helvetica, arial, sans-serif;\">Fahrr\u00e4der<\/span><\/strong><br \/>\n<span style=\"font-family: helvetica, arial, sans-serif;\">Fahrr\u00e4der k\u00f6nnen Sie im Ort Pilsum bei &#8220; Watt`n Rad&#8220; unter der Nummer 0173\/2870969 und bei &#8222;Trekking Radsport Stein&#8220; unter der Nummer 017696006934 mieten.<\/span><\/p>\n<p><span style=\"font-family: helvetica, arial, sans-serif;\">Freizeit und Erholung<\/span><br \/>\n<span style=\"font-family: helvetica, arial, sans-serif;\">Inseltouren nach Norderney, Borkum oder Juist, Bootstouren auf den Kan\u00e4len oder ab Greetsiel, Leuchtturmbesuch in Campen oder Pilsum, Fahrradtouren am Deich oder durch Wiesen und Felder, Badetag am Gr0\u00dfen Meer, Teestubenbesuch in Greetsiel, Deichspaziergang etc.<\/span><\/p>\n<p><strong><span style=\"font-family: helvetica, arial, sans-serif;\">Haustiere<\/span><\/strong><br \/>\n<span style=\"font-family: helvetica, arial, sans-serif;\">Wir bitten um Verst\u00e4ndnis, dass das Mitbringen von Haustieren in den Wohnungen nicht gestattet ist.<\/span><\/p>\n<p><strong><span style=\"font-family: helvetica, arial, sans-serif;\">Kaminofen<\/span><\/strong><br \/>\n<span style=\"font-family: helvetica, arial, sans-serif;\">Ein Korb mit Feuerholz f\u00fcr den Kaminofen in der Wohnung &#8220; Zur Marsch &#8220; steht bei Ihrer Anreise bereit.<\/span><\/p>\n<p><strong><span style=\"font-family: helvetica, arial, sans-serif;\">Kinder<\/span><\/strong><br \/>\n<span style=\"font-family: helvetica, arial, sans-serif;\">Gerne stellen wir Ihnen ein Kinderbett und einen Hochstuhl bereit.<\/span><\/td>\n<td style=\"width: 395.5px;\"><strong><span style=\"font-family: helvetica, arial, sans-serif;\">Kurbeitragstabelle f\u00fcr Greetsiel <\/span><\/strong><br \/>\n<span style=\"font-family: helvetica, arial, sans-serif;\">( Angaben ohne Gew\u00e4hr )<\/span><br \/>\n<span style=\"font-family: helvetica, arial, sans-serif;\">Alter 15.03. -31.10. 01.11. &#8211; 14.03. Jahreskarte<\/span><br \/>\n<span style=\"font-family: helvetica, arial, sans-serif;\">Erwachsene 2,00 \u20ac 1,00 \u20ac 60,00 \u20ac<\/span><br \/>\n<span style=\"font-family: helvetica, arial, sans-serif;\">6 &#8211; 16 Jahre 0,50 \u20ac 0,25 \u20ac 15,00 \u20ac<\/span><br \/>\n<span style=\"font-family: helvetica, arial, sans-serif;\">Erwerbsminderungen ab 80 % sind zu 50 % erm\u00e4\u00dfigt. <\/span><br \/>\n<span style=\"font-family: helvetica, arial, sans-serif;\">Erwerbsminderungen von 100 % sind kurbeitragsfrei.<\/span><br \/>\n<span style=\"font-family: helvetica, arial, sans-serif;\">Preise verstehen sich pro Tag und Gast.<\/span><\/p>\n<p><strong><span style=\"font-family: helvetica, arial, sans-serif;\">Nordsee-ServiceCard<\/span><\/strong><br \/>\n<span style=\"font-family: helvetica, arial, sans-serif;\">Die Nordsee-Servicecard erhalten Sie vor Ort als Beleg f\u00fcr die Bezahlung der von der Gemeinde erhobenen Kurbeitr\u00e4ge. Mit der Karte kommen Sie in den Genuss von Erm\u00e4\u00dfigungen bei Eintrittspreisen, Aktivit\u00e4ten oder der Benutzung des &#8222;Urlauberbusses&#8220;.<\/span><\/p>\n<p><strong><span style=\"font-family: helvetica, arial, sans-serif;\">Restaurants<\/span><\/strong><br \/>\n<span style=\"font-family: helvetica, arial, sans-serif;\">In Pilsum gibt es ein familiengef\u00fchrtes Restaurant mit Namen &#8222;Alte Brauerei&#8220;. In dem historischen Gulfhof werden verschiedene regionale und saisonale Gericht zu Mittag und zu Abend angeboten. Viele weitere Restaurants und Gastst\u00e4tten gibt es im Fischerort Greetsiel.<\/span><\/p>\n<p><strong><span style=\"font-family: helvetica, arial, sans-serif;\">Schwimmen<\/span><\/strong><br \/>\n<span style=\"font-family: helvetica, arial, sans-serif;\">Die M\u00f6glichkeit in der Nordsee zu Baden hat man auf einem Tagesausflug auf die Inseln Norderney, Juist und Borkum.<\/span><br \/>\n<span style=\"font-family: helvetica, arial, sans-serif;\">Norddeich besitzt ebenfalls einen Sandstrand. Bei Hochwasser kann man am Deich in Upleward baden gehen.<\/span><br \/>\n<span style=\"font-family: helvetica, arial, sans-serif;\">F\u00fcr Familien empfiehlt sich ein Badeausflug zum Gro\u00dfen Meer, einem nat\u00fcrlich entstandenen, im Schnitt 80 cm tiefem Niedermoorsee mit festem sandigen Untergrund. <\/span><br \/>\n<span style=\"font-family: helvetica, arial, sans-serif;\">Ein Meerwasser-Wellenbad gibt es in Norddeich sowie weitere Hallenb\u00e4der in Greetsiel, Emden und Aurich.<\/span><\/p>\n<p><strong><span style=\"font-family: helvetica, arial, sans-serif;\">Sport<\/span><\/strong><br \/>\n<span style=\"font-family: helvetica, arial, sans-serif;\">Unsere weitl\u00e4ufige Landschaft und die Deichbefestigungswege bieten sich ideal zum Radfahren, Wandern und Joggen an. Am Trockenstrand in Upleward und in Norddeich ist das Kitesurfen m\u00f6glich. Auf unseren zahlreichen Kan\u00e4len lohnt sich eine Bootstour. Verschiedene Boote kann man bei den Bootsverleihen in Greetsiel und Emden oder bei den Paddel- &amp; Pedalstation in Norden-Leysiel oder am Gro\u00dfen Meer mieten. Zum Segeln, Paddeln und Surfen ist das Gro\u00dfe Meer ebenfalls bestens geeignet.<\/span><\/p>\n<p><strong><span style=\"font-family: helvetica, arial, sans-serif;\">Senioren<\/span><\/strong><br \/>\n<span style=\"font-family: helvetica, arial, sans-serif;\">Die Wohnungen sind so geplant, dass Sie f\u00fcr \u00e4ltere G\u00e4ste geeignet sind. Die Gehwege sind befestigt und die Wohnungen haben ein Schlafzimmer im Untergeschoss sowie ein unten liegendes Badezimmer mit ebenerdiger Dusche.<\/span><\/p>\n<p><strong><span style=\"font-family: helvetica, arial, sans-serif;\">W-lan<\/span><\/strong><br \/>\n<span style=\"font-family: helvetica, arial, sans-serif;\">Einen kostenlose W-lan-Zugang gibt es in beiden Ferienwohnungen. <\/span><\/td>\n<\/tr>\n<\/tbody>\n<\/table>\n","protected":false},"excerpt":{"rendered":"<p>Anreise \/ Abreise Je nach Belegung sollte die Anreise gegen 15 Uhr erfolgen. Individuelle Absprachen bez\u00fcglich der Anreisezeit und der Schl\u00fcssel\u00fcbergabe verabreden wir gerne vorab telefonisch mit Ihnen. Am Abreisetag sollte die Wohnung bis 10 Uhr besenrein verlassen werden. Absprachen bez\u00fcglich der Abreise k\u00f6nnen bei Ihrer Ankunft besprochen werden. Bettw\u00e4sche Bettw\u00e4sche und einen Satz Handt\u00fccher &hellip; <a href=\"https:\/\/pilsumer-warfthaus.de\/?page_id=195\" class=\"more-link\"><span class=\"screen-reader-text\">Kurz und Knapp<\/span> weiterlesen <span class=\"meta-nav\">&rarr;<\/span><\/a><\/p>\n","protected":false},"author":1,"featured_media":0,"parent":0,"menu_order":0,"comment_status":"closed","ping_status":"closed","template":"","meta":{"ngg_post_thumbnail":0,"footnotes":""},"class_list":["post-195","page","type-page","status-publish","hentry"],"_links":{"self":[{"href":"https:\/\/pilsumer-warfthaus.de\/index.php?rest_route=\/wp\/v2\/pages\/195","targetHints":{"allow":["GET"]}}],"collection":[{"href":"https:\/\/pilsumer-warfthaus.de\/index.php?rest_route=\/wp\/v2\/pages"}],"about":[{"href":"https:\/\/pilsumer-warfthaus.de\/index.php?rest_route=\/wp\/v2\/types\/page"}],"author":[{"embeddable":true,"href":"https:\/\/pilsumer-warfthaus.de\/index.php?rest_route=\/wp\/v2\/users\/1"}],"replies":[{"embeddable":true,"href":"https:\/\/pilsumer-warfthaus.de\/index.php?rest_route=%2Fwp%2Fv2%2Fcomments&post=195"}],"version-history":[{"count":2,"href":"https:\/\/pilsumer-warfthaus.de\/index.php?rest_route=\/wp\/v2\/pages\/195\/revisions"}],"predecessor-version":[{"id":343,"href":"https:\/\/pilsumer-warfthaus.de\/index.php?rest_route=\/wp\/v2\/pages\/195\/revisions\/343"}],"wp:attachment":[{"href":"https:\/\/pilsumer-warfthaus.de\/index.php?rest_route=%2Fwp%2Fv2%2Fmedia&parent=195"}],"curies":[{"name":"wp","href":"https:\/\/api.w.org\/{rel}","templated":true}]}}

<table class=" alignleft" style="height: 2334px; width: 807px;" width="449">
<tbody>
<tr>
<td style="width: 395.5px;"><strong><span style="font-family: helvetica, arial, sans-serif;">Anreise / Abreise</span></strong><br />
<span style="font-family: helvetica, arial, sans-serif;">Je nach Belegung sollte die Anreise gegen 15 Uhr erfolgen. Individuelle Absprachen bezüglich der Anreisezeit und der Schlüsselübergabe verabreden wir gerne vorab telefonisch mit Ihnen.</span><br />
<span style="font-family: helvetica, arial, sans-serif;">Am Abreisetag sollte die Wohnung bis 10 Uhr besenrein verlassen werden. Absprachen bezüglich der Abreise können bei Ihrer Ankunft besprochen werden.</span></p>
<p><strong><span style="font-family: helvetica, arial, sans-serif;">Bettwäsche</span></strong><br />
<span style="font-family: helvetica, arial, sans-serif;">Bettwäsche und einen Satz Handtücher stellen wir Ihnen kostenlos.</span></p>
<p><strong><span style="font-family: helvetica, arial, sans-serif;">Einkaufen</span></strong><br />
<span style="font-family: helvetica, arial, sans-serif;">Gut sortierte Supermärkte gibt es in Greetsiel ( Edeka Rah ) und Pewsum ( Aldi, Lidl, Combi, Edeka ). Frische Brötchen können Sie bei diversen Bäckereien in Greetsiel bekommen.</span></p>
<p><strong><span style="font-family: helvetica, arial, sans-serif;">Fahrräder</span></strong><br />
<span style="font-family: helvetica, arial, sans-serif;">Fahrräder können Sie im Ort Pilsum bei &#8220; Watt`n Rad&#8220; unter der Nummer 0173/2870969 und bei &#8222;Trekking Radsport Stein&#8220; unter der Nummer 017696006934 mieten.</span></p>
<p><span style="font-family: helvetica, arial, sans-serif;">Freizeit und Erholung</span><br />
<span style="font-family: helvetica, arial, sans-serif;">Inseltouren nach Norderney, Borkum oder Juist, Bootstouren auf den Kanälen oder ab Greetsiel, Leuchtturmbesuch in Campen oder Pilsum, Fahrradtouren am Deich oder durch Wiesen und Felder, Badetag am Gr0ßen Meer, Teestubenbesuch in Greetsiel, Deichspaziergang etc.</span></p>
<p><strong><span style="font-family: helvetica, arial, sans-serif;">Haustiere</span></strong><br />
<span style="font-family: helvetica, arial, sans-serif;">Wir bitten um Verständnis, dass das Mitbringen von Haustieren in den Wohnungen nicht gestattet ist.</span></p>
<p><strong><span style="font-family: helvetica, arial, sans-serif;">Kaminofen</span></strong><br />
<span style="font-family: helvetica, arial, sans-serif;">Ein Korb mit Feuerholz für den Kaminofen in der Wohnung &#8220; Zur Marsch &#8220; steht bei Ihrer Anreise bereit.</span></p>
<p><strong><span style="font-family: helvetica, arial, sans-serif;">Kinder</span></strong><br />
<span style="font-family: helvetica, arial, sans-serif;">Gerne stellen wir Ihnen ein Kinderbett und einen Hochstuhl bereit.</span></td>
<td style="width: 395.5px;"><strong><span style="font-family: helvetica, arial, sans-serif;">Kurbeitragstabelle für Greetsiel </span></strong><br />
<span style="font-family: helvetica, arial, sans-serif;">( Angaben ohne Gewähr )</span><br />
<span style="font-family: helvetica, arial, sans-serif;">Alter 15.03. -31.10. 01.11. &#8211; 14.03. Jahreskarte</span><br />
<span style="font-family: helvetica, arial, sans-serif;">Erwachsene 2,00 € 1,00 € 60,00 €</span><br />
<span style="font-family: helvetica, arial, sans-serif;">6 &#8211; 16 Jahre 0,50 € 0,25 € 15,00 €</span><br />
<span style="font-family: helvetica, arial, sans-serif;">Erwerbsminderungen ab 80 % sind zu 50 % ermäßigt. </span><br />
<span style="font-family: helvetica, arial, sans-serif;">Erwerbsminderungen von 100 % sind kurbeitragsfrei.</span><br />
<span style="font-family: helvetica, arial, sans-serif;">Preise verstehen sich pro Tag und Gast.</span></p>
<p><strong><span style="font-family: helvetica, arial, sans-serif;">Nordsee-ServiceCard</span></strong><br />
<span style="font-family: helvetica, arial, sans-serif;">Die Nordsee-Servicecard erhalten Sie vor Ort als Beleg für die Bezahlung der von der Gemeinde erhobenen Kurbeiträge. Mit der Karte kommen Sie in den Genuss von Ermäßigungen bei Eintrittspreisen, Aktivitäten oder der Benutzung des &#8222;Urlauberbusses&#8220;.</span></p>
<p><strong><span style="font-family: helvetica, arial, sans-serif;">Restaurants</span></strong><br />
<span style="font-family: helvetica, arial, sans-serif;">In Pilsum gibt es ein familiengeführtes Restaurant mit Namen &#8222;Alte Brauerei&#8220;. In dem historischen Gulfhof werden verschiedene regionale und saisonale Gericht zu Mittag und zu Abend angeboten. Viele weitere Restaurants und Gaststätten gibt es im Fischerort Greetsiel.</span></p>
<p><strong><span style="font-family: helvetica, arial, sans-serif;">Schwimmen</span></strong><br />
<span style="font-family: helvetica, arial, sans-serif;">Die Möglichkeit in der Nordsee zu Baden hat man auf einem Tagesausflug auf die Inseln Norderney, Juist und Borkum.</span><br />
<span style="font-family: helvetica, arial, sans-serif;">Norddeich besitzt ebenfalls einen Sandstrand. Bei Hochwasser kann man am Deich in Upleward baden gehen.</span><br />
<span style="font-family: helvetica, arial, sans-serif;">Für Familien empfiehlt sich ein Badeausflug zum Großen Meer, einem natürlich entstandenen, im Schnitt 80 cm tiefem Niedermoorsee mit festem sandigen Untergrund. </span><br />
<span style="font-family: helvetica, arial, sans-serif;">Ein Meerwasser-Wellenbad gibt es in Norddeich sowie weitere Hallenbäder in Greetsiel, Emden und Aurich.</span></p>
<p><strong><span style="font-family: helvetica, arial, sans-serif;">Sport</span></strong><br />
<span style="font-family: helvetica, arial, sans-serif;">Unsere weitläufige Landschaft und die Deichbefestigungswege bieten sich ideal zum Radfahren, Wandern und Joggen an. Am Trockenstrand in Upleward und in Norddeich ist das Kitesurfen möglich. Auf unseren zahlreichen Kanälen lohnt sich eine Bootstour. Verschiedene Boote kann man bei den Bootsverleihen in Greetsiel und Emden oder bei den Paddel- &amp; Pedalstation in Norden-Leysiel oder am Großen Meer mieten. Zum Segeln, Paddeln und Surfen ist das Große Meer ebenfalls bestens geeignet.</span></p>
<p><strong><span style="font-family: helvetica, arial, sans-serif;">Senioren</span></strong><br />
<span style="font-family: helvetica, arial, sans-serif;">Die Wohnungen sind so geplant, dass Sie für ältere Gäste geeignet sind. Die Gehwege sind befestigt und die Wohnungen haben ein Schlafzimmer im Untergeschoss sowie ein unten liegendes Badezimmer mit ebenerdiger Dusche.</span></p>
<p><strong><span style="font-family: helvetica, arial, sans-serif;">W-lan</span></strong><br />
<span style="font-family: helvetica, arial, sans-serif;">Einen kostenlose W-lan-Zugang gibt es in beiden Ferienwohnungen. </span></td>
</tr>
</tbody>
</table>

<p>Anreise / Abreise Je nach Belegung sollte die Anreise gegen 15 Uhr erfolgen. Individuelle Absprachen bezüglich der Anreisezeit und der Schlüsselübergabe verabreden wir gerne vorab telefonisch mit Ihnen. Am Abreisetag sollte die Wohnung bis 10 Uhr besenrein verlassen werden. Absprachen bezüglich der Abreise können bei Ihrer Ankunft besprochen werden. Bettwäsche Bettwäsche und einen Satz Handtücher &hellip; <a href="https://pilsumer-warfthaus.de/?page_id=195" class="more-link"><span class="screen-reader-text">Kurz und Knapp</span> weiterlesen <span class="meta-nav">&rarr;</span></a></p>
