{"id":55,"date":"2019-02-10T09:34:51","date_gmt":"2019-02-10T09:34:51","guid":{"rendered":"http:\/\/pilsumer-warfthaus.de\/?page_id=55"},"modified":"2021-11-09T08:23:08","modified_gmt":"2021-11-09T08:23:08","slug":"preise","status":"publish","type":"page","link":"https:\/\/pilsumer-warfthaus.de\/?page_id=55","title":{"rendered":"Preise"},"content":{"rendered":"<p><strong><em><span style=\"font-size: 18pt;\">Preise &amp; Leistungen (ab 01.01.2022)<\/span><\/em><br \/>\n<\/strong><\/p>\n<p><strong><em>Wohnung &#8222;Am Dorf&#8220;<\/em><\/strong><br \/>\nDer Mietpreis inklusive aller Nebenkosten ( Bettw\u00e4sche, Handt\u00fccher, Stellplatz, Starterpaket K\u00fcche und Bad, WLAN, Energiekosten und Endreinigung) f\u00fcr 2 Personen \/ Nacht:<\/p>\n<table style=\"width: 94.1844%;\" width=\"760\">\n<tbody>\n<tr>\n<td style=\"width: 29.5515%;\">&nbsp;<\/td>\n<td style=\"width: 19.8482%;\">Dauer<\/td>\n<td style=\"width: 17.0911%;\">Preis erste Nacht*<\/td>\n<td style=\"width: 90.5077%;\">Preise jede weitere Nacht*<\/td>\n<\/tr>\n<tr>\n<td style=\"width: 29.5515%;\">Hauptsaison<\/p>\n<p>( 01. April bis 30. Sept. )<\/td>\n<td style=\"width: 19.8482%;\">&nbsp;<\/p>\n<p>ab 7 N\u00e4chte<\/td>\n<td style=\"width: 17.0911%;\">&nbsp;<\/p>\n<p>185,00 \u20ac<\/td>\n<td style=\"width: 90.5077%;\">&nbsp;<\/p>\n<p>85,00 \u20ac<\/td>\n<\/tr>\n<tr>\n<td style=\"width: 29.5515%;\">Nebensaison<\/p>\n<p>( 01. Okt. bis 31. M\u00e4rz )<\/td>\n<td style=\"width: 19.8482%;\">&nbsp;<\/p>\n<p>ab 5 N\u00e4chte<\/td>\n<td style=\"width: 17.0911%;\">&nbsp;<\/p>\n<p>175,00 \u20ac<\/td>\n<td style=\"width: 90.5077%;\">&nbsp;<\/p>\n<p>75,00 \u20ac<\/td>\n<\/tr>\n<\/tbody>\n<\/table>\n<p>* Preise gelten f\u00fcr 2 Personen. F\u00fcr jede weitere Person zus\u00e4tzlich 10 \u20ac \/ Nacht&nbsp;&nbsp; (Mindestaufenthaltsdauer 5 N\u00e4chte \/ Maximalbelegung 4 Personen + Kleinkind ).<\/p>\n<p>* Bei einer Belegung mit 2 Personen berechnen wir bei Nutzung des zweiten Schlaf- und Badezimmers eine Servicepauschale von 30 \u20ac.<\/p>\n<p>* Kinder unter 4 Jahre sind frei.<\/p>\n<p>&nbsp;<\/p>\n<p><strong><em>Wohnung &#8222;Zur Marsch&#8220;<\/em><\/strong><br \/>\nDer Mietpreis inklusive aller Nebenkosten ( Bettw\u00e4sche, 1 Satz Handt\u00fccher, Stellplatz, Starterpaket K\u00fcche und Bad,WLAN, Energiekosten und Endreinigung) f\u00fcr 2 Personen \/ Nacht:<\/p>\n<table style=\"width: 94.701%; height: 199px;\" width=\"765\">\n<tbody>\n<tr style=\"height: 24px;\">\n<td style=\"width: 29.5515%; height: 24px;\">&nbsp;<\/td>\n<td style=\"width: 19.8326%; height: 24px;\">Dauer<\/td>\n<td style=\"width: 16.9748%; height: 24px;\">Preis erste Nacht*<\/td>\n<td style=\"width: 95.6083%; height: 24px;\">Preise jede weitere Nacht*<\/td>\n<\/tr>\n<tr style=\"height: 96px;\">\n<td style=\"width: 29.5515%; height: 96px;\">Hauptsaison<\/p>\n<p>( 01. April bis 30. Sept. )<\/td>\n<td style=\"width: 19.8326%; height: 96px;\">&nbsp;<\/p>\n<p>ab 7 N\u00e4chte<\/td>\n<td style=\"width: 16.9748%; height: 96px;\">&nbsp;<\/p>\n<p>200,00 \u20ac<\/td>\n<td style=\"width: 95.6083%; height: 96px;\">&nbsp;<\/p>\n<p>95,00 \u20ac<\/td>\n<\/tr>\n<tr style=\"height: 79px;\">\n<td style=\"width: 29.5515%; height: 79px;\">Nebensaison<\/p>\n<p>( 01. Okt. bis 31. M\u00e4rz )<\/td>\n<td style=\"width: 19.8326%; height: 79px;\">&nbsp;<\/p>\n<p>ab 7 N\u00e4chte<\/td>\n<td style=\"width: 16.9748%; height: 79px;\">&nbsp;<\/p>\n<p>190,00 \u20ac<\/td>\n<td style=\"width: 95.6083%; height: 79px;\">&nbsp;<\/p>\n<p>85,00 \u20ac<\/td>\n<\/tr>\n<\/tbody>\n<\/table>\n<p>* Preise gelten f\u00fcr 2 Personen. F\u00fcr jede weitere Person zus\u00e4tzlich 10 \u20ac \/ Nacht&nbsp;&nbsp; (Mindestaufenthaltsdauer 5 N\u00e4chte \/ Maximalbelegung 5 Personen ).<\/p>\n<p>* Bei einer Belegung mit 2 Personen berechnen wir bei Nutzung des zweiten Schlaf- und Badezimmers eine Servicepauschale von 30 \u20ac.<\/p>\n<p>* Kinder unter 4 Jahre sind frei.<\/p>\n<p>&nbsp;<\/p>\n<p>Bitte beachten Sie, dass das Rauchen und Mitbringen von Haustieren in unseren Wohnungen nicht gestattet ist.<\/p>\n<p>Der Kommunale Kurbeitrag wird gesondert berechnet.<\/p>\n<p>Sollten Sie noch Fragen zum \u00dcbernachtungspreis haben, sprechen Sie uns gerne pers\u00f6nlich an. Wir geben gerne per Mail oder telefonisch unter den Nummern 04926 \/ 926640 oder 0175 9427139 Auskunft.<\/p>\n","protected":false},"excerpt":{"rendered":"<p>Preise &amp; Leistungen (ab 01.01.2022) Wohnung &#8222;Am Dorf&#8220; Der Mietpreis inklusive aller Nebenkosten ( Bettw\u00e4sche, Handt\u00fccher, Stellplatz, Starterpaket K\u00fcche und Bad, WLAN, Energiekosten und Endreinigung) f\u00fcr 2 Personen \/ Nacht: &nbsp; Dauer Preis erste Nacht* Preise jede weitere Nacht* Hauptsaison ( 01. April bis 30. Sept. ) &nbsp; ab 7 N\u00e4chte &nbsp; 185,00 \u20ac &nbsp; &hellip; <a href=\"https:\/\/pilsumer-warfthaus.de\/?page_id=55\" class=\"more-link\"><span class=\"screen-reader-text\">Preise<\/span> weiterlesen <span class=\"meta-nav\">&rarr;<\/span><\/a><\/p>\n","protected":false},"author":1,"featured_media":0,"parent":0,"menu_order":0,"comment_status":"closed","ping_status":"closed","template":"","meta":{"ngg_post_thumbnail":0,"footnotes":""},"class_list":["post-55","page","type-page","status-publish","hentry"],"_links":{"self":[{"href":"https:\/\/pilsumer-warfthaus.de\/index.php?rest_route=\/wp\/v2\/pages\/55","targetHints":{"allow":["GET"]}}],"collection":[{"href":"https:\/\/pilsumer-warfthaus.de\/index.php?rest_route=\/wp\/v2\/pages"}],"about":[{"href":"https:\/\/pilsumer-warfthaus.de\/index.php?rest_route=\/wp\/v2\/types\/page"}],"author":[{"embeddable":true,"href":"https:\/\/pilsumer-warfthaus.de\/index.php?rest_route=\/wp\/v2\/users\/1"}],"replies":[{"embeddable":true,"href":"https:\/\/pilsumer-warfthaus.de\/index.php?rest_route=%2Fwp%2Fv2%2Fcomments&post=55"}],"version-history":[{"count":14,"href":"https:\/\/pilsumer-warfthaus.de\/index.php?rest_route=\/wp\/v2\/pages\/55\/revisions"}],"predecessor-version":[{"id":346,"href":"https:\/\/pilsumer-warfthaus.de\/index.php?rest_route=\/wp\/v2\/pages\/55\/revisions\/346"}],"wp:attachment":[{"href":"https:\/\/pilsumer-warfthaus.de\/index.php?rest_route=%2Fwp%2Fv2%2Fmedia&parent=55"}],"curies":[{"name":"wp","href":"https:\/\/api.w.org\/{rel}","templated":true}]}}